at is 49032 + -95?
48e8c
In base 10, what is -16015 - 384?
-16399
In base 14, what is 3998246 + -1?
3998245
In base 11, what is -2aa4 + -1196?
-418a
In base 11, what is -a10833 - 0?
-a10833
In base 8, what is -2 - -1177557347?
1177557345
In base 15, what is -17650 + 2c70?
-148d0
In base 2, what is 11100011101000101100101 - -1101?
11100011101000101110010
In base 5, what is -1 - 10423312010?
-10423312011
In base 14, what is 2942ac2 - 4?
2942abc
In base 13, what is -657a + 7c69?
16bc
In base 7, what is -2614 + 3405?
461
In base 3, what is 2022022001100121 + 11?
2022022001100202
In base 5, what is 14341302223 + -3?
14341302220
In base 12, what is 1 - -430a27?
430a28
In base 16, what is ce9f7 + -2c?
ce9cb
In base 15, what is -d42 + -7764?
-85a6
In base 5, what is -330 + 1233204?
1232324
In base 12, what is 9 + -226137?
-22612a
In base 10, what is 0 - -2795819?
2795819
In base 13, what is -1b2026 - 12?
-1b2038
In base 7, what is -416555235 + 22?
-416555213
In base 16, what is 95b31 - 76?
95abb
In base 15, what is -1cb8 + a40?
-1278
In base 14, what is -5 - 1b1d026?
-1b1d02b
In base 11, what is 32 - -17a6931?
17a6963
In base 4, what is 30003 - 10212103?
-10122100
In base 6, what is 3 + -354034432?
-354034425
In base 10, what is 8589 + 947?
9536
In base 7, what is 61 - -20205304?
20205365
In base 5, what is 2221421 + -232110?
1434311
In base 3, what is -1021012 + -202102111?
-210200200
In base 16, what is 41c1 - -4356?
8517
In base 16, what is -6ff57e - 1d?
-6ff59b
In base 11, what is -2042 - -9984?
7942
In base 3, what is -10 + 202102002110?
202102002100
In base 16, what is -73b1 - -368?
-7049
In base 3, what is -1012002220122 + 1100?
-1012002212022
In base 2, what is 1100000001000 + -100110010100?
111001110100
In base 3, what is 1012211111 - -1012011?
1021000122
In base 5, what is 3101024222 - -3?
3101024230
In base 6, what is -45435524 + -10?
-45435534
In base 4, what is -132210 + -1213110?
-2011320
In base 15, what is c3ae + 93?
c452
In base 4, what is -11 + -31100210032?
-31100210103
In base 2, what is -10010001000001111 + 100000110100?
-10001100111011011
In base 3, what is -12 + 1020002010102001?
1020002010101212
In base 11, what is 2629204 + -198?
2629017
In base 6, what is 234332 + -10302?
224030
In base 16, what is 144344 + -7c?
1442c8
In base 3, what is 1000 - -20012120101021?
20012120102021
In base 11, what is 4a208 - 35?
4a183
In base 5, what is -122 - 2414433?
-2420110
In base 3, what is 1211202 + -11001021?
-2012112
In base 13, what is -1b633b + -c97?
-1b7305
In base 14, what is -16 + -44b7948?
-44b7960
In base 7, what is 201 + 555040?
555241
In base 16, what is -4 - 23115c8?
-23115cc
In base 6, what is -111 + 1435252325?
1435252214
In base 6, what is -12431441 - 254?
-12432135
In base 8, what is -6061 + -473531?
-501612
In base 10, what is 2596520 - 2?
2596518
In base 9, what is -3511 + 520473?
515862
In base 10, what is 1150875 + -24?
1150851
In base 12, what is -a9215 + -7b?
-a9294
In base 14, what is -6c8a07 - -7?
-6c8a00
In base 4, what is 11 + -112122213101303?
-112122213101232
In base 12, what is 12 - 17981b?
-179809
In base 3, what is 111201220121 - -221020?
111202211211
In base 2, what is -111100100101111 - 1010100?
-111100110000011
In base 8, what is -15 + 11056016?
11056001
In base 4, what is -311213201012 - -1?
-311213201011
In base 13, what is 10 - -1c74c9c?
1c74cac
In base 6, what is -224504212 - -4?
-224504204
In base 6, what is 53513 + -1341?
52132
In base 12, what is 10949 + -118b3?
-b66
In base 14, what is 9125619 - 2?
9125617
In base 9, what is -4015 - 24500?
-28515
In base 13, what is -3 - -26451a0?
264519a
In base 5, what is -114 + -11431010234?
-11431010403
In base 11, what is 1 - -7a05871?
7a05872
In base 14, what is -46510 + -16a?
-4667a
In base 14, what is -6904031a - 2?
-6904031c
In base 12, what is 5 + 3a224265?
3a22426a
In base 15, what is 9b4 - 1526?
-a62
In base 10, what is -141616076 + 1?
-141616075
In base 8, what is 77225 + -10215?
67010
In base 15, what is 5 - -1e0731c5?
1e0731ca
In base 16, what is -34051 + -63?
-340b4
In base 13, what is -749b4 - -6a?
-74947
In base 7, what is -420435511 - 3?
-420435514
In base 10, what is -158482 - 1818?
-160300
In base 11, what is -3 + 1719031?
1719029
In base 15, what is -cb5 - -318?
-99c
In base 4, what is 220023030230 - -3?
220023030233
In base 12, what is -15 + 446162?
446149
In base 11, what is -640a - -287?
-6133
In base 4, what is -1003211 + -23013021?
-30022232
In base 14, what is 7282572 - 5?
728256b
In base 11, what is 409404a + 1?
4094050
In base 16, what is 19b - b108?
-af6d
In base 3, what is 121 + -20020021200111?
-20020021122220
In base 7, what is -256 - -51540?
51251
In base 4, what is -10 + 202021011323?
202021011313
In base 13, what is -3ab + 348?
-63
In base 7, what is 435 - -2352613?
2353351
In base 11, what is 89939 + -3?
89936
In base 9, what is 5363671 + -4?
5363666
In base 5, what is 33 - -244133230?
244133313
In base 8, what is -46 + 4135066?
4135020
In base 8, what is 6176040 - 10?
6176030
In base 5, what is 114440 - -32034?
202024
In base 4, what is -3 - 12002121320?
-12002121323
In base 12, what is 16b65 - 11a?
16a47
In base 12, what is 171 + -10b71?
-10a00
In base 2, what is -10001111110011111 - -10000?
-10001111110001111
In base 12, what is -331 + 110620?
1102ab
In base 8, what is 341415 + 702?
342317
In base 13, what is -ab75a + -5?
-ab762
In base 5, what is -14110 + -3033432?
-3103042
In base 10, what is -7442469 + -9?
-7442478
In base 5, what is 100342224000 - -11?
100342224011
In base 7, what is 1325 + 3604345?
3606003
In base 10, what is -85 + -776613?
-776698
In base 9, what is 24 + 2047235?
2047260
In base 15, what is a06404 - 44?
a063b0
In base 13, what is -c + 8025a?
8024b
In base 12, what is -6593 + -42837?
-4920a
In base 6, what is -131 - -320001?
315430
In base 4, what is -131221 + 2110103?
1312222
In base 15, what is 16a + 44010?
4417a
In base 13, what is -173c20b1 + -5?
-173c20b6
In base 8, what is -202614 + -773?
-203607
In base 6, what is -1401241000 + 1?
-1401240555
In base 7, what is -6401514 + 531?
-6400653
In base 5, what is 110 + 422024231?
422024341
In base 7, what is 10614425 + 50?
10614505
In base 13, what is 2 + 1a62cc?
1a6301
In base 3, what is 1112200202112 - 1121?
1112200200221
In base 14, what is 51 + -bad49a?
-bad449
In base 8, what is -3 - -45534521?
45534516
In base 8, what is -14015444632 + 2?
-14015444630
In base 16, what is 352856 + -7a?
3527dc
In base 6, what is -4 - 24240355?
-24240403
In base 5, what is -4 + -4300411401?
-4300411410
In base 7, what is -15262410 + 45?
-15262332
In base 5, what is -4234123422 - 30?
-4234124002
In base 15, what is a + -2602cd6?
-2602ccb
In base 7, what is 636360 - 442?
635615
In base 14, what is 24 + 9701a?
97040
In base 7, what is 4 + 1246040264?
1246040301
In base 6, what is -1130213 + 2044?
-1124125
In base 3, what is 10122121020212 - -1?
10122121020220
In base 3, what is -11212210011121 + 12012?
-11212202222102
In base 12, what is -2 + -593aa9?
-593aab
In base 4, what is 1000211122 + -10013?
1000201103
In base 3, what is -1100211000211 + -1?
-1100211000212
In base 7, what is 14232 + -3032?
11200
In base 4, what is -12 - -133031122201?
133031122123
In base 5, what is 2103333241 - -11?
2103333302
In base 10, what is 3 + -31367411?
-31367408
In base 16, what is -2c64 + 225?
-2a3f
In base 6, what is 12421 - -501322?
514143
In base 4, what is -101212 + -12123211?
-12231023
In base 7, what is -4620 - -2512?
-2105
In base 8, what is 41770562 + 4?
41770566
In base 3, what is 22012102201 + -1100210?
22011001221
In base 15, what is -59 + ba8c54?
ba8bea
In base 16, what is 1cf8 + -13e5?
913
In base 4, what is -1201213212031 + 0?
-1201213212031
In base 9, what is 16 + -18410205?
-18410178
In base 7, what is 2065 + -60501?
-55403
In base 8, what is 1 - 34331066?
-34331065
In base 4, what is -232 - -1202331030?
1202330132
In base 14, what is -134091 - -3d?
-134052
In base 6, what is 1305101 + -33?
1305024
In base 3, what is -2122101201202 + -121110?
-2122102100012
In base 10, what is 5 - 3748117?
-3748112
In base 15, what is -36e86 - 152e?
-384b5
In base 2, what is 111110111011010001001010011 + -1000?
111110111011010001001001011
In base 3, what is 1022201022202122 + 0?
10222